1341
Convert 1223 (base 8) to base 6.
3015
Convert 3136 (base 9) to base 11.
1802
Convert -4780 (base 9) to base 2.
-110111100011
-767 (base 14) to base 2
-10110110111
532 (base 13) to base 4
31312
3b7c (base 16) to base 11
10494
Convert -4244 (base 14) to base 13.
-5281
What is 1002120 (base 3) in base 4?
30132
Convert -22121222 (base 3) to base 4.
-1202102
-502 (base 6) to base 11
-156
What is -1500 (base 7) in base 2?
-1001001100
42d (base 16) to base 14
565
What is 100110100110 (base 2) in base 12?
151a
What is 330a (base 13) in base 3?
100202021
Convert 1b06 (base 12) to base 13.
1683
-416 (base 10) to base 5
-3131
-1e43 (base 15) to base 3
-100001000
-70607 (base 8) to base 11
-1a921
Convert -1ad (base 16) to base 10.
-429
What is -933 (base 12) in base 3?
-1211110
1012220 (base 3) to base 6
4040
What is 985 (base 10) in base 7?
2605
210122100 (base 3) to base 9
23570
400 (base 8) to base 12
194
Convert -380 (base 12) to base 16.
-210
What is -11011 (base 8) in base 6?
-33213
200 (base 8) to base 10
128
Convert -810 (base 10) to base 14.
-41c
-295 (base 13) to base 2
-111001100
-153516 (base 8) to base 16
-d74e
Convert -304 (base 12) to base 16.
-1b4
Convert -22202102 (base 3) to base 15.
-1d58
13 (base 8) to base 4
23
What is -1032550 (base 6) in base 9?
-77183
What is -402 (base 5) in base 4?
-1212
What is -142123 (base 6) in base 10?
-13443
What is -14257 (base 8) in base 2?
-1100010101111
2e6 (base 16) to base 14
3b0
What is 1001001110 (base 2) in base 8?
1116
20038 (base 9) to base 10
13157
Convert -371 (base 10) to base 15.
-19b
9789 (base 10) to base 9
14376
Convert 1259a (base 11) to base 15.
5512
Convert -20200120 (base 3) to base 9.
-6616
Convert -10012020021 (base 3) to base 5.
-4002423
Convert 13561 (base 9) to base 7.
35563
What is 14535 (base 7) in base 6?
30420
What is 8890 (base 16) in base 5?
2104320
200 (base 4) to base 10
32
44312 (base 6) to base 8
14024
Convert 20201210 (base 3) to base 6.
34420
Convert -3040 (base 6) to base 3.
-220220
4114 (base 5) to base 14
2a2
What is 1032 (base 7) in base 9?
446
Convert -567 (base 11) to base 4.
-22212
-111111100000 (base 2) to base 4
-333200
100020 (base 3) to base 16
f9
Convert -22d (base 15) to base 2.
-111101101
Convert -1210211 (base 4) to base 7.
-24524
Convert 66307 (base 10) to base 15.
149a7
Convert -11221 (base 4) to base 10.
-361
What is 110111100110 (base 2) in base 9?
4783
What is 508 (base 9) in base 10?
413
What is 2d50 (base 14) in base 3?
102010020
Convert -1 (base 6) to base 4.
-1
Convert 111110111110 (base 2) to base 5.
112110
-9308 (base 14) to base 11
-18003
-180 (base 12) to base 5
-1430
Convert -13003 (base 4) to base 14.
-243
Convert 6365 (base 9) to base 4.
1021010
-433114 (base 5) to base 13
-6963
639 (base 12) to base 11
757
-4330 (base 9) to base 11
-2437
114013 (base 5) to base 13
1c27
-22211 (base 5) to base 4
-120110
376 (base 12) to base 3
201100
What is 1175 (base 12) in base 16?
7a9
Convert 5532 (base 9) to base 6.
30515
-114 (base 13) to base 8
-272
What is -532 (base 6) in base 15?
-d5
2305 (base 8) to base 3
1200020
Convert 6471 (base 8) to base 9.
4571
What is 164 (base 11) in base 3?
21002
1665 (base 9) to base 11
a59
Convert 9356 (base 11) to base 10.
12403
What is 740 (base 13) in base 9?
1622
-20373 (base 10) to base 6
-234153
Convert -d79 (base 15) to base 7.
-11601
Convert -512 (base 13) to base 6.
-3552
What is 11101010 (base 2) in base 12?
176
What is -1285 (base 9) in base 5?
-12333
752 (base 9) to base 2
1001100110
-12371 (base 8) to base 6
-40505
What is 1415 (base 7) in base 14?
2b5
Convert 13311 (base 4) to base 8.
765
What is -34261 (base 11) in base 12?
-24818
What is 4201 (base 7) in base 16?
5bf
1012100221 (base 3) to base 13
a981
-164 (base 16) to base 14
-1b6
What is 3969 (base 10) in base 13?
1a64
Convert 1001100010 (base 2) to base 14.
318
What is 80a6 (base 12) in base 13?
6471
Convert 109 (base 15) to base 4.
3222
-2c5c (base 16) to base 5
-330411
What is -74685 (base 9) in base 8?
-140376
Convert -1a102 (base 11) to base 5.
-1344244
Convert -21044 (base 5) to base 12.
-987
What is 4754 (base 10) in base 4?
1022102
Convert 11022021 (base 3) to base 4.
301003
What is -1a62 (base 15) in base 8?
-13125
What is -110134 (base 6) in base 9?
-13464
-1e5 (base 16) to base 5
-3420
Convert -6a75 (base 12) to base 10.
-11897
What is 233451 (base 7) in base 16?
a45e
Convert 736 (base 8) to base 16.
1de
Convert 13301103 (base 4) to base 7.
161535
Convert -1253 (base 10) to base 5.
-20003
What is -15552 (base 10) in base 5?
-444202
291 (base 16) to base 8
1221
1183a (base 15) to base 7
321562
Convert -312110 (base 4) to base 15.
-106b
-a37 (base 13) to base 14
-8c0
Convert -77 (base 11) to base 15.
-59
What is -656 (base 8) in base 13?
-271
2781 (base 13) to base 10
5682
What is -11f1 (base 16) in base 5?
-121333
Convert -110a (base 13) to base 15.
-a86
What is 503041 (base 6) in base 4?
21222001
-34155 (base 6) to base 10
-4823
Convert -802 (base 13) to base 6.
-10134
Convert -3452 (base 8) to base 16.
-72a
What is -97 (base 11) in base 16?
-6a
Convert 96c (base 13) to base 12.
b23
Convert 21415 (base 7) to base 3.
21100021
Convert 3265 (base 8) to base 3.
2100121
Convert -875 (base 10) to base 15.
-3d5
What is -144455 (base 6) in base 2?
-11011010110011
What is 31030 (base 6) in base 12?
2476
What is 120101 (base 3) in base 5?
3130
What is -216 (base 16) in base 10?
-534
-34654 (base 7) to base 3
-110012221
What is 284 (base 11) in base 9?
411
Convert -10021100000 (base 3) to base 9.
-107300
What is 1326 (base 15) in base 6?
30530
What is 1d1 (base 14) in base 13?
232
4113 (base 7) to base 15
656
-cc (base 14) to base 4
-2310
Convert -1550 (base 7) to base 16.
-26f
What is 63035 (base 7) in base 16?
3c65
Convert 32532 (base 8) to base 9.
20655
-19159 (base 14) to base 8
-173633
449 (base 14) to base 6
3533
What is -13414 (base 5) in base 15?
-4de
280 (base 10) to base 2
100011000
-2af (base 16) to base 5
-10222
111101011 (base 2) to base 6
2135
-2813 (base 10) to base 14
-104d
Convert 361 (base 9) to base 3.
102001
Convert 40031 (base 9) to base 12.
13254
Convert 1d8 (base 16) to base 7.
1243
Convert -367 (base 8) to base 11.
-205
-121245 (base 6) to base 7
-43103
11869 (base 12) to base 2
101110010010001
3483 (base 10) to base 3
11210000
Convert -3122 (base 6) to base 4.
-22322
Convert -346a (base 15) to base 9.
-16231
-444311 (base 5) to base 8
-36335
42d (base 14) to base 7
2256
21203 (base 4) to base 3
211122
105515 (base 7) to base 4
10211123
What is -313341 (base 5) in base 7?
-42346
What is -2b9 (base 16) in base 8?
-1271
Convert -25 (base 7) to base 15.
-14
What is -1010211 (base 4) in base 10?
-4389
Convert 1011010000110110 (base 2) to base 8.
132066
ab7b (base 12) to base 8
45017
-c13 (base 16) to base 3
-11020111
What is -1000000100 (base 2) in base 3?
-201010
Convert -6507 (base 11) to base 2.
-10000110010110
What is -d3 (base 15) in base 7?
-402
Convert -241424 (base 5) to base 12.
-5251
-959 (base 12) to base 3
-1212120
What is 352 (base 13) in base 7?
1450
Convert -5649 (base 12) to base 2.
-10010101011001
Convert -10104 (base 5) to base 4.
-22032
-1015 (base 16) to base 8
-10025
What is 54204 (base 7) in base 11?
a144
-54156 (base 8) to base 13
-a3c5
What is -101102010 (base 3) in base 2?
-1110110100110
285 (base 12) to base 11
324
-214a (base 14) to base 2
-1011001110110
Convert -188 (base 9) to base 4.
-2201
-429 (base 15) to base 13
-573
-180 (base 9) to base 5
-1103
Convert 2635 (base 10) to base 2.
101001001011
What is -461 (base 13) in base 15?
-355
Convert 1362 (base 10) to base 4.
111102
Convert 514 (base 8) to base 14.
19a
55350 (base 6) to base 14
2b3c
What is 311332 (base 5) in base 15?
3062
What is 6f9 (base 16) in base 7?
5130
4af (base 16) to base 15
54e
Convert 46ce (base 16) to base 8.
43316
Convert 298b (base 12) to base 6.
34255
What is -201232 (base 4) in base 12?
-12ba
Convert -28994 (base 10) to base 15.
-88ce
What is -bb10 (base 16) in base 6?
-1005412
-244205 (base 6) to base 12
-10665
Convert -289 (base 13) to base 15.
-201
110101111 (base 2) to base 16
1af
What is 101111010001110 (base 2) in base 3?
1020012112
Convert 778 (base 10) to base 11.
648
What is 1452 (base 13) in base 6?
213